tors of n?
29
Suppose 2 = 2*z - 3*m, 0*z - 44 = -4*z - 4*m. Suppose z = r - 16. List the prime factors of r.
23
Let g = -37 + 58. List the prime factors of g.
3, 7
Suppose -4*f + 364 = -0*f + 2*b, -4*b = -3*f + 262. What are the prime factors of f?
2, 3, 5
Suppose 0 = 6*l - 2*l, 3*f - l - 12 = 0. What are the prime factors of f?
2
Let f(n) be the first derivative of -4*n**2 - 1. Let m = -4 - -3. List the prime factors of f(m).
2
Let j(k) = -k**3 + 10*k**2 - k + 9. Let t be j(10). What are the prime factors of (0 - -1)/(t/(-5))?
5
Let r(p) = p**3 + 4*p**2 - 4*p + 5. Let c be r(-5). Let w = 21 + c. List the prime factors of w.
3, 7
Let g be (-44)/(-8) - (-2)/(-4). Suppose -5 = 5*b + g*y + 10, -2*y = 5*b. Suppose -3*r + 10 = b*r. What are the prime factors of r?
2
Suppose 3*f = 8*f - 35. Let g(a) = -a + 16. What are the prime factors of g(f)?
3
Let f(l) = l**3 + 5*l**2 + 2. Let u be f(-5). Suppose -4*o + 104 = -u*k, 4*k = 2*k + 4. What are the prime factors of o?
3
Suppose 2*p = 2 + 2. Suppose 5*b + 44 = p*w, 0*b = 3*b + 6. List the prime factors of w.
17
Let n(y) = y**3 + 5*y**2 + y + 5. Let w(d) = -3*d**3 - 10*d**2 - d - 9. Let f(t) = -5*n(t) - 2*w(t). Suppose 3*v - 18 = -0*v. List the prime factors of f(v).
11
Let z be ((-304)/(-24))/(1/3). Suppose 0 = 5*o - z - 12. List the prime factors of o.
2, 5
Let d(z) = z**3 + 8*z**2 - 3*z + 11. Let w be d(-8). Let u = 89 - w. What are the prime factors of u?
2, 3
Suppose 388 = 9*g - 548. What are the prime factors of g?
2, 13
Let s be (3/4)/(2/16). List the prime factors of 3/(-2)*(-44)/s.
11
List the prime factors of 61*1 - 9/12*4.
2, 29
Suppose -3*s - 21 = 2*o, -5*o + 27 = -2*s + 89. Let k be ((-2)/(-4))/((-11)/22). Let w = k - o. What are the prime factors of w?
11
Suppose 4*b = -5*s + 16, s + 3*b = -b. Suppose -20 = -3*x - 3*g + s, -2*x - 3*g = -13. What are the prime factors of x?
11
List the prime factors of 177/9 + (-1)/(-3).
2, 5
Suppose -3*q + 584 = 4*z, -5*z + 2*q + 691 = -62. What are the prime factors of z?
149
Suppose -3*u - 2*d + 3*d - 42 = 0, 3*u + d = -36. Let k = u + 19. What are the prime factors of k?
2, 3
Suppose -1 = v, 0 = 2*p - 4*v - 140 + 46. What are the prime factors of p?
3, 5
Let m(g) = g**2 - 5*g + 4. Let z be m(4). Let f be (-5 - -2)/3*z. List the prime factors of 14 + 2 + (f - 2).
2, 7
Let h(i) = 5*i**2 - 3*i - 3*i**2 + 4 + 0*i**2. Let j(x) = -5*x**2 + 9*x - 12. Let p(s) = 11*h(s) + 4*j(s). What are the prime factors of p(-3)?
5
Suppose 0 = -2*g + 4*i - 2, 2*i - 3 = -2*g + 7*i. Let c = -21 + 43. Let j = g + c. What are the prime factors of j?
11
Let z be (-14)/(-6)*3 + -3. Suppose z*y - 5*y + 38 = 0. What are the prime factors of y?
2, 19
Suppose -78 = -u - u. List the prime factors of u.
3, 13
Let b be 12/10*(-10)/2. Let h = 10 + b. Suppose h*t - 24 = t. List the prime factors of t.
2
Let k = -20 + 36. Suppose -k = -4*z + 8*z, 3*i - 5 = -4*z. What are the prime factors of i?
7
Let n be (-14)/(-4) - 1/(-2). Suppose 0*i = -i - 3*l - 5, 10 = n*i - 3*l. List the prime factors of (1 - i - -4) + 2.
2, 3
Let d be (6/(0 - -1))/2. Suppose 2*j - 3*n + 2 + d = 0, 5*n = -5*j + 25. Suppose 3*x = -2*m + j*x + 15, 5*x = 5*m. List the prime factors of m.
5
Suppose -2*v - 77 = -3*v. What are the prime factors of v?
7, 11
Let j(h) = h**3 - 8*h**2 - h + 1. Let t be j(8). Let f = t - -13. What are the prime factors of f?
2, 3
Suppose 0*u = -2*u + 4. List the prime factors of 22/6 + u/(-3).
3
Let f be -13 + -2 + 0 + 3. What are the prime factors of (2 - (-1 - -4))*f?
2, 3
Let v(q) = q**2 - 3*q - 8. Let k(u) = u**2 - 4*u - 7. Let t(l) = -6*k(l) + 5*v(l). What are the prime factors of t(8)?
2, 5
Let a(y) = -3*y + 1. Let p be a(3). What are the prime factors of (52/p)/(2/(-4))?
13
Suppose -7*x = -3*x - 5*h + 8, 0 = -4*x - 3*h + 24. List the prime factors of x.
3
Suppose -2*h + 1 = -3*h. Let j = 7 - h. List the prime factors of j.
2
Suppose 0 = c + 4*c - 5*y - 15, 4*c = 2*y + 10. Suppose c*o = 4*o + 14. Let t(i) = -3*i - 10. List the prime factors of t(o).
11
Suppose -5*d = -d. Suppose d = z - 11 + 6. What are the prime factors of z?
5
Let l = 6 + -2. Suppose 0 = -l*t + 59 + 17. What are the prime factors of t?
19
Let q = -2 - -17. List the prime factors of q.
3, 5
Suppose 32 = -t + 2*t. Suppose -z - 2*n = -6, 5*z = -3*n + 7 + 9. Suppose -z*l = -0 - t. List the prime factors of l.
2
Suppose 3*g + 5*p - 230 = 301, -4*g - 4*p = -700. List the prime factors of g.
2, 43
Let d(f) be the second derivative of -11*f**3/6 + f**2/2 - f. Let o be d(-1). Let a = -4 + o. What are the prime factors of a?
2
Suppose 32 + 40 = 3*n. What are the prime factors of n?
2, 3
Let y = -8 - -26. List the prime factors of y.
2, 3
Suppose -378 = -6*d - 0*d. List the prime factors of d.
3, 7
Suppose -4*c + 4*b - 1 = 131, 4*b + 53 = -c. Let t = -23 - c. List the prime factors of t.
2, 7
Let t(f) = 2*f + 63. What are the prime factors of t(-12)?
3, 13
Let t(j) = 4*j**2 - 7*j - 2. List the prime factors of t(5).
3, 7
Let h = -16 - -24. Let v(w) = -w + 16. What are the prime factors of v(h)?
2
Suppose -4*x + 5*w = -8 - 27, 4*x - 4*w - 32 = 0. Suppose -3*h = 3*f - 3, 3*h - x*h - 18 = -2*f. Suppose -f*o + 52 = -18. What are the prime factors of o?
2, 7
Let h = -21 + 62. Suppose -3*s - 62 = -4*i, s + 17 + h = 4*i. List the prime factors of i.
2, 7
Let c(n) be the second derivative of n**5/30 + n**4/12 - n**3/3 + 3*n. Let f(z) be the second derivative of c(z). List the prime factors of f(3).
2, 7
Let n(c) = -c - 6. Let p be n(-9). Let v(z) = 3 - 2*z - 2*z**2 - 2*z**2 + 5*z**2. What are the prime factors of v(p)?
2, 3
Let i be (-18)/(-15)*1*5. Let g(b) = -b**2 + 7*b. Let p be g(i). Suppose -25 = s - p*s. What are the prime factors of s?
5
Let c = 498 + -227. What are the prime factors of c?
271
Let g be (-6)/((0 - -1)/1). Let y be (-3)/(-2)*(-8)/g. Suppose 0*b - y*b = -6. List the prime factors of b.
3
Suppose 0*g - 2 = 2*g. Let u be 33*g - -3 - -3. What are the prime factors of ((-10)/(-3))/(-5)*u?
2, 3
Let y = -35 + 59. List the prime factors of y.
2, 3
Let v be (-6)/(-5)*40/6. Suppose 4*c - 3*c = -4. What are the prime factors of c/(v/5 - 2)?
2, 5
Suppose 2*o + 4*o - 558 = 0. What are the prime factors of o?
3, 31
Let d = 21 - 32. Let o(w) = -w**3 - 11*w**2 - 5*w - 12. What are the prime factors of o(d)?
43
Let m be (-4 - -3)*12/2. Let p(h) = -h**3 - 5*h**2 + 1. List the prime factors of p(m).
37
Suppose 4*g - 2*h - 588 = 0, 3*h - 7*h = -5*g + 738. List the prime factors of g.
2, 73
Let j(o) = -o**3 + 7*o**2 - 4. Let y be j(6). Let b = y - 13. List the prime factors of b.
19
Suppose d = -3*p + 73, -d + 2*d - 3*p = 73. What are the prime factors of d?
73
Let w = -37 - -61. List the prime factors of w.
2, 3
Suppose 3*a + p - 28 = 68, -4*a + 128 = -5*p. What are the prime factors of a?
2
Let y(n) = -7 + n**2 - 10*n - 5*n**2 + 0*n**2 + 3*n**2. List the prime factors of y(-7).
2, 7
Suppose 2*m + 2*m - 16 = 0. Suppose -m*x = 0, 0*h + 6 = h + 2*x. Suppose 0 = f + 2*f - h. What are the prime factors of f?
2
Let m = 93 - 69. List the prime factors of m.
2, 3
Let j(w) = w**3 - 3*w**2 - w - 2. Let t(h) = -2 + 6*h + 0*h - 3*h. Let k be t(2). List the prime factors of j(k).
2, 5
Let w = -44 + 103. What are the prime factors of w?
59
Let t = 86 + -122. List the prime factors of (-8)/t + (-79)/(-9).
3
Let i(l) be the third derivative of l**5/60 + l**4/24 - l**3/3 - l**2. Let n be i(2). Let t = n - -12. List the prime factors of t.
2
Let n(f) = -14*f - 18. What are the prime factors of n(-7)?
2, 5
Suppose -139 = -3*v + 2*x - 4*x, -3*v + 129 = -3*x. Suppose 9 = 3*p + 4*f - 7*f, 0 = 5*p + 5*f - v. List the prime factors of (p/(-8))/(3/(-48)).
2, 3
Let r(h) = -2*h + 2. Let l be 6/10*5*1. Suppose -l*u + 1 = 7. What are the prime factors of r(u)?
2, 3
Suppose y = -0*y + 46. What are the prime factors of y?
2, 23
Let m(d) = -d**2 - 43*d - 5. What are the prime factors of m(-9)?
7, 43
Suppose -3*l + 64 = 10. Let g = l + -12. What are the prime factors of (-1)/3 + 14/g?
2
Let q(z) = -49*z**2 + z - 1. Let n be q(1). Let s = 87 + n. List the prime factors of s.
2, 19
Let f(v) be the first derivative of v**3/3 + 5*v**2/2 + 7*v - 1. Suppose a + 6 + 0 = 0. List the prime factors of f(a).
13
What are the prime factors of (1*46)/(-3 + 5)?
23
Let j be 4 - 